me?
True
Suppose c = 4*h + 75, 3*c + 4*h = 3*h + 238. Is c a composite number?
False
Let h(s) = 116*s + 3. Let x be (42/(-9))/7*-3. Is h(x) a composite number?
True
Let l be (-48)/(-18) + 2/(-3). Suppose l*g = 5*g - 207. Is g a prime number?
False
Suppose 6*k - 1370 = 4024. Is k composite?
True
Let b(d) = d**2 - d. Let m be 0*(-1)/(-2) - 1. Let p be b(m). Suppose p*y - 35 = -t, t = -3*y + 6*t + 72. Is y composite?
False
Suppose r = -2*u - 2*r + 305, -3*r - 275 = -2*u. Suppose a = u + 144. Is a a prime number?
False
Let m be 11/4 - 3/(-12). Suppose -2*d = d - u - 2, -2*u = m*d + 4. Suppose z - 3*z + 53 = 3*l, d = -z - 5. Is l prime?
False
Let x = -461 - -1065. Let g = -328 + x. Let f = g - 137. Is f composite?
False
Let b = -1043 - -3772. Is b a composite number?
False
Suppose 0 = 2*y - 2462 + 648. Is y a prime number?
True
Is (-3301)/(-9) + (3 - (-125)/(-45)) prime?
True
Let y be (1/(-2))/(2/(-16)). Suppose 0*z + 72 = y*z. Suppose 0 = -3*a + 12 + z. Is a a composite number?
True
Let i = -542 + 1095. Is i a prime number?
False
Let b(a) = 16*a - 6. Let u(l) = -5 - l + 1 + 5. Let t(k) = -b(k) - 8*u(k). Is t(-3) prime?
False
Let w = -2 + 6. Suppose -2 = p - w. Is p*(141/6 - -1) a composite number?
True
Let s = 0 + 80. Suppose 86 = 3*m - m + 2*b, 2*m - s = -4*b. Is m prime?
False
Let r(a) = 157*a + 1. Is r(4) a prime number?
False
Let c = -980 - -1849. Is c prime?
False
Suppose s - 4*s + 5*r + 428 = 0, 2*s - r - 276 = 0. Suppose x - s = -3*x. Let o = 1 + x. Is o prime?
False
Suppose -3*a - 5*l + 1123 = 0, -3*l + 1 - 13 = 0. Is a prime?
False
Let i = -14 - -14. Suppose 634 = -i*v + 2*v. Is v a prime number?
True
Let g(u) = -118*u - 29. Is g(-14) composite?
True
Let w(h) = -6*h**2 - h + 2*h**2 - 1 + 5*h**2. Let c be w(3). Is 34*(-1)/(-2)*c a prime number?
False
Let n(q) = -q**2 + 2*q + 6. Let o be n(6). Is (5340/o)/((-4)/6) a composite number?
True
Is 1 + 2168/2 + 2 a prime number?
True
Suppose 0 = 2*m - 2 - 8, -5*a + 880 = -2*m. Is a composite?
True
Let w = 19 - 16. Suppose h + 994 = w*o, 2*h = -3*h - 5. Is o composite?
False
Let m(c) = -c - 1. Let j(x) = -7*x**2 - x - 1. Let d(t) = -j(t) + m(t). Is d(1) a prime number?
True
Let v(d) = d**2 - 3*d + 7. Let z be v(6). Suppose -z = 4*h - 101. Is h a prime number?
True
Let t be (-20 + 0)/2 - -1. Is (12/t)/((-2)/3) a composite number?
False
Let g(l) = 8*l**3 + 4*l**2 - 7*l + 11. Is g(7) a prime number?
False
Let l(t) = -78*t**2 + 117*t**2 - 2*t + 6*t - 3. Is l(2) a prime number?
False
Let i = 356 + 23. Is i a prime number?
True
Suppose 0 = 3*w + 9, w = 3*x + 2*w + 366. Let s = x + 1008. Is s a prime number?
True
Suppose 3*s + 43 = -p - 7, -2*s = 2*p + 92. Let f = p + 66. Is f a composite number?
True
Is 800 - -1 - (-17 + 15) a prime number?
False
Let c = 1624 - 879. Is c a composite number?
True
Suppose 4*v + 27 - 375 = 0. Let d = 186 - v. Suppose 0*y - 4*y = 3*b - 131, 3*y - d = -2*b. Is y prime?
False
Let q(v) = -21*v - 21. Let s(t) = 14*t + 14. Let b(z) = 5*q(z) + 7*s(z). Is b(-6) a composite number?
True
Let r(x) = x**3 - x**2 - x. Let k(n) = 4*n**2 - 4*n - 6. Let y(i) = k(i) + r(i). Let o be y(-4). Is 6/4*o + 240 a prime number?
False
Let l = 44 + -29. Suppose 3*t - 8*t + j + 392 = 0, 5*j - l = 0. Is t composite?
False
Let g(l) be the third derivative of -l**6/30 - l**5/60 + 5*l**4/24 + l**3/2 + 2*l**2. Is g(-3) composite?
True
Suppose 3*p - 4*k - 15 = 6, p - 15 = 4*k. Let a(s) = 6*s - 4*s + 119 - p*s. Is a(0) prime?
False
Suppose -8*q = -720 - 1416. Is q a prime number?
False
Suppose 0*l - 3*l = -12. Suppose 682 = -2*q + l*q. Is q a composite number?
True
Let n(g) = g**3 - 2*g**2 + 5*g - 2. Let h be n(3). Suppose -2 + h = 4*v. Suppose -31 - 21 = -3*r + 5*m, -v*r + 74 = -2*m. Is r a prime number?
False
Let r = -191 + 527. Suppose 5*o = u + r, -2*o + 208 = o + u. Suppose 0 = -3*d + o + 49. Is d prime?
False
Let u(h) = h - 1. Let y be u(5). Suppose -424 = y*i - 2340. Is i a prime number?
True
Let g = -60 - -124. Suppose 4*f - g = -4. Suppose -r + f = -22. Is r a prime number?
True
Let y = 1449 - 1000. Is y composite?
False
Let t = -350 - -1119. Is t prime?
True
Suppose 2*k - i + 8 = 0, -4 = k - 0*k + 3*i. Let l(m) = 5*m**2 + 4*m + 59. Let o(t) = -4*t**2 - 3*t - 59. Let j(g) = k*o(g) - 3*l(g). Is j(0) composite?
False
Let z(d) = 4 - 2 - d**2 + 4*d - 7 + 7*d. Suppose -8*f = -4*b - 4*f, -b - f = -8. Is z(b) composite?
False
Let h = -258 + 511. Is h composite?
True
Suppose -3*t + 5*t - 3*o - 1395 = 0, -t = -5*o - 715. Suppose 0 = 4*y - t - 202. Is y composite?
False
Let d(o) = o - 1. Let w be d(2). Let v be (w + 2 + -2)/1. Let m = 144 + v. Is m a prime number?
False
Suppose 4*b = 2*s + 742, -5*b + 3*b - 4*s = -346. Is b composite?
True
Let q = 277 + -22. Suppose -4*z = z - q. Is z composite?
True
Let v be (8/6)/(4/6). Suppose 0 = -5*u + v*u + 159. Is u a prime number?
True
Let j(o) = 10*o**2 - 3*o - 2. Let c(h) = -9*h**2 + 2*h + 1. Let r(b) = -6*c(b) - 5*j(b). Is r(3) composite?
True
Let g be 3/(-1 - 9/(-6)). Suppose 15 = -m + g*m. Suppose b + m*b - 140 = 0. Is b a prime number?
False
Suppose 222 = -12*f + 1362. Is f composite?
True
Let c = -5 - -24. Let z = 34 - c. Is z a prime number?
False
Let s = 8 + 12. Suppose 3*v - s = -v. Suppose -7*k = -3*k + 20, v*k - 31 = -4*m. Is m composite?
True
Suppose -16 = -5*j + 4. Suppose j*z + 45 = 7*z. Is z prime?
False
Let n = -580 + 8933. Is n a prime number?
True
Suppose 2*n - 214 = -7*y + 3*y, y = -2*n + 211. Let q = 232 - n. Is q composite?
False
Let a = 65 + 38. Let r = a - 64. Let n = -2 + r. Is n composite?
False
Suppose -s - 2*s + 5*f + 712 = 0, -2*s - 4*f + 460 = 0. Suppose 303 = -0*m + m. Suppose 4*x - m = 5*n, -4*x + 73 = -n - s. Is x a composite number?
True
Let m = -183 + 327. Suppose 3*y = -4*t + 238, 3*t - t - 5*y = 132. Let q = m - t. Is q composite?
False
Is ((-4)/6)/(12/(-27630)) prime?
False
Suppose -15*r - 382 = -17*r. Is r composite?
False
Let m = 8 - 11. Let s(r) = r**2 + r - 3. Let c be s(m). Suppose 2*p = 3*v - 215, 0 = -c*v + v - p + 141. Is v composite?
False
Suppose -2*j - 3*j - 205 = 0. Let d = 115 + j. Is 1/(((-2)/d)/(-1)) composite?
False
Suppose -10*s - 18572 = -14*s. Is s prime?
True
Is (-6)/(-45) + 1466/30 composite?
True
Let m(n) = 475*n - 5. Is m(4) composite?
True
Let q be ((-2)/(-4))/((-2)/4). Let t(l) = -67*l**3 + l + 1. Is t(q) prime?
True
Let b be 5 - 3/(-9)*0. Suppose -b*j - 29 + 4 = 0. Let p(n) = -n**3 - 4*n**2 + n - 1. Is p(j) prime?
True
Suppose -6*p = -13*p + 1113. Is p a prime number?
False
Suppose 3*i = -5*h + 6*i + 15, 5*i + 25 = 0. Suppose -5*u + 3*g + 2*g = 10, 0 = 5*u - 4*g + 6. Suppose -2*n + 19 = -h*n + 5*d, -u*d - 26 = -4*n. Is n composite?
False
Let y be (-2)/(-5) - 47/5. Let a = y + 28. Is a a prime number?
True
Let v(o) = -o**3 - 4*o**2 - 3*o - 3. Let y be v(-3). Let z = 9 - 181. Is (-2)/y + z/(-12) a prime number?
False
Suppose 0 = -3*m + 1032 + 2025. Is m prime?
True
Is ((-4)/16)/(1/(-3284) + 0) a prime number?
True
Suppose -3*v - 335 = -2*a, -3*a - 2*v - 821 = -8*a. Suppose -3*r - a = -4*r. Is r composite?
False
Let h be 2/(1/1 + 0). Suppose -h*a - 131 = -a. Let b = 198 + a. Is b a prime number?
True
Let p = 2 + 0. Suppose -3*l + p = -10. Is 1/l - 27/(-4) prime?
True
Let p be 3 - (0 - 9/(-3)). Suppose 4*l - 527 = 3*h - 2*h, p = -4*l - 4*h + 512. Is l a composite number?
False
Suppose -6*i - 4*q = -i - 1603, -642 = -2*i - 2*q. Is i a prime number?
False
Let o(n) = 43*n**2 - 3*n + 1. Let x be o(4). Let t = x + 351. Is t/20 - 4/10 a prime number?
False
Is ((-8)/32)/((-2)/5528) a prime number?
True
Suppose -2442 = -2*c + 4*w, -c - 1233 = -2*c + 5*w. Is c a prime number?
True
Suppose -9053 = -5*y + 14862. Is y a composite number?
False
Suppose 4*m - 4*s = -5*s + 1020, 3*m + s - 766 = 0. Is m a composite number?
True
Is (2*-1)/(-6 - 5720/(-955)) a composite number?
False
Let z(s) = 66*s**2 + s + 9. Is z(-4) a prime number?
True
Suppose -3*b + 8 = -h, 0 = 3*h - b - 0*b. Suppose i - h = -0*i. Suppose 5*n - 2*z = 427, -z = i - 5. Is n a composite number?
True
Suppose 2624 = m - 3*n, -2*n = 4*m - 5*n - 10505. Let d = m - 1066. Is d prime?
False
Let v = 4 + -2. Let q be (41/v - 0)*4. Let a = -35 + q. Is a composite?
False
Suppose -1368 = -5*w - 103. Is w composite?
True
Suppose -2*k - 4*s + 5914 = 0, -2*s = 3*k + 